 are the prime factors of l/7 + 96/(-168)?
2, 5, 67
Let t = -757 - -64. Let k = t + 987. What are the prime factors of k?
2, 3, 7
Let d = -92 - -95. Let g(k) = 8*k**3 + k**2 - 3*k + 6. Let j be g(d). Suppose -j - 162 = -4*m. What are the prime factors of m?
2, 3
Suppose -332 = -4*v - 4*i, 5*v - 476 = 2*i - 82. What are the prime factors of (v + 0)*(14/8 - -5)?
2, 3, 5
Suppose a + 95 = 137. Suppose -35*x = -a*x + 3913. List the prime factors of x.
13, 43
Let f(v) = 68*v + 1. Let o be f(4). Suppose -4*w = 4*c - 212, 0*w = -5*c - 3*w + o. Suppose z - 2*z + c = 0. What are the prime factors of z?
3, 19
Let l(d) = 2*d**3 + d. Let h be l(1). Suppose 0 = 118*r - 104*r - 10584. Suppose -r = -6*x - h*x. What are the prime factors of x?
2, 3, 7
Suppose -702 = -2*c + 1248. Let d = -453 + c. List the prime factors of d.
2, 3, 29
List the prime factors of 18636 + 23 + -37 + (5 - 0).
3, 7, 887
Let q = -10626 + 45847. What are the prime factors of q?
35221
Let s(l) = -144*l + 21. Let t(i) = 72*i - 11. Let f(p) = -6*s(p) - 11*t(p). Let j be f(5). What are the prime factors of 3/12 - j/(-4)?
89
Let k(i) = 1699*i - 9. Let x be k(-6). Let c = x + 4811. What are the prime factors of 15/35 + c/(-28)?
193
What are the prime factors of (-2802569)/(-147) - 66/693?
3, 5, 31, 41
Let f(y) = y - 2. Let r(l) = 1. Let b(g) = f(g) + r(g). Let p(z) = 232*z + 10. Let j(d) = 4*b(d) + p(d). List the prime factors of j(1).
2, 11
Let f be 2/16 + 10 + (-146)/16. Suppose w - 3*w = 68. List the prime factors of f + 6/(-4)*(2 + w).
7
Suppose 2*y - 5*i = 31084, -4*i + 77710 = -27*y + 32*y. List the prime factors of y.
2, 19, 409
Suppose 54 = -4*t - 126. Let j be (-53)/5 - (-42)/70. What are the prime factors of (-954)/t + (-8)/j?
2, 11
What are the prime factors of ((-110)/(-4))/((-167)/(-190046))?
5, 11, 569
Suppose 3*g + 16872 = -52563. What are the prime factors of g/(-30) + 5/2?
2, 3, 43
Let z = 8807 - 3060. List the prime factors of z.
7, 821
Let v = -2971 + 16161. What are the prime factors of v?
2, 5, 1319
Let x(p) = -p**3 + 7*p + 5. Let q be x(-4). Suppose -a - 4 = o, -o - 3*o = -a + q. Let g = o + 101. List the prime factors of g.
2, 23
Let t be -3 - (7 + -5) - -474. Suppose 4*a + 185 = t. Suppose -5*z - a = -461. List the prime factors of z.
2, 3, 13
Let y = -2056 + 3599. Suppose -95 - y = -6*u. List the prime factors of u.
3, 7, 13
Let f be (23 - (2 - -2)) + -9. List the prime factors of 0 + 4 - 8/(-12 + f).
2
Let a = 81 - 81. Suppose a = 157*u - 164*u + 1680. What are the prime factors of u?
2, 3, 5
List the prime factors of (27/(-3) - (-2624)/288) + (-17926)/(-18).
2, 3, 83
Suppose -457*r - 448*r = -854*r - 2068509. What are the prime factors of r?
40559
Suppose 7*s - 2*s = -2*j + 45, 0 = -5*s - 3*j + 45. Suppose 4*l + 676 = 3*c, 2*l + s - 661 = -3*c. What are the prime factors of c?
2, 5, 11
Suppose 23*o - 15791 = -6016. What are the prime factors of o?
5, 17
Suppose 14*n - 22961 = 3401. Suppose -11*l + 8 = -9*l, -x + n = -2*l. What are the prime factors of x?
31, 61
Suppose -2*i = g - 6*i + 19, -4*g = 3*i - 19. Let c be (17/g + 0)*1. Suppose 3*l - c*l = -2436. List the prime factors of l.
2, 3, 29
Let v(q) = -12*q - 88. Let z be v(-16). Suppose 2*k = z + 1132. What are the prime factors of k?
2, 3, 103
Let u = 769 + 546. List the prime factors of u.
5, 263
Suppose 5*u - 4 = 1, 0 = 5*t + 5*u + 115. List the prime factors of (-15708)/t + 3/(-6).
2, 3, 109
Suppose -760133 - 391936 = -107*n. What are the prime factors of n?
3, 37, 97
Let t(q) = -67*q**2 + 6*q + 7. Let x be t(-3). Let z = -303 - x. Suppose -4*l + 225 = -z. What are the prime factors of l?
2, 67
Suppose -179*k - 45198 = -367*k + 182*k. What are the prime factors of k?
3, 31
Let n = -67 - -157. Let z = 4 - -9. Let w = n + z. What are the prime factors of w?
103
Let t = 8066 + 6243. What are the prime factors of t?
41, 349
Suppose -44*n = -38*n - 35940. What are the prime factors of n?
2, 5, 599
Let h(g) = 15*g**2 - 182*g - 5182. What are the prime factors of h(-30)?
2, 83
What are the prime factors of (-111580)/(-12) + 77/21 + -2?
2, 3, 5, 31
Suppose 0 = 3*j + r + 16261 - 44420, 0 = -5*j - 3*r + 46941. List the prime factors of j.
2, 3, 17, 23
Suppose w = 3*p + 3, 7*p = 5*w + 4*p - 3. Suppose 10*h - 249 = 71. Suppose w = -5*g + 4*g + h. List the prime factors of g.
2
Let l = -96 - -97. Let a(u) = 14*u - 8*u - 7*u + 142*u**2 - l. What are the prime factors of a(-1)?
2, 71
Let m = -1337 + 890. List the prime factors of 4/(-5 + (-2247)/m).
149
Let n(d) = -d**3 - 17*d**2 + 3*d + 10. Let s be n(-19). Suppose 30*t - s = 27*t. What are the prime factors of t?
3, 5
Suppose 3*v = -2*h + 36392, 4*h + 576 + 11536 = v. What are the prime factors of v?
2, 379
Let r(o) = -o**3 + 65*o**2 + 64*o - 56. What are the prime factors of r(20)?
2, 3, 89
Let t = 40 - 35. Let c(g) = -g**2 + 9*g - 15. Let q be c(t). Suppose 389 = q*s - 116. List the prime factors of s.
101
Suppose 4*w - 8 = -4. Let d(g) = -22*g - 1 - w - 7 + 3. What are the prime factors of d(-2)?
2, 19
Let w(c) be the second derivative of 0 - 2*c + 14/3*c**3 - 3*c**2. What are the prime factors of w(5)?
2, 67
Suppose 0 = 15*y + 79 - 109. Suppose -y*z + 826 = -3*w + 5, -1239 = -3*z + 2*w. What are the prime factors of z?
5, 83
Let s(x) be the third derivative of -5/8*x**4 + 4*x**2 - 4*x + 0 + 2/3*x**3. What are the prime factors of s(-1)?
19
Suppose -3*y = -12*y + 36. Let s be 3*(-386)/y*20/(-30). Let n = s + -30. List the prime factors of n.
163
Let v = -3394 - -2252. What are the prime factors of (-17 - -19)/((-2)/v)?
2, 571
What are the prime factors of (-37)/(333/(-217343)) + (-4)/18?
19, 31, 41
Let m = 11931 + -6977. What are the prime factors of m?
2, 2477
Let i = 14 - 12. What are the prime factors of ((-93)/155)/(i/(-50))?
3, 5
Suppose 4*v - 10 = 6. Suppose -3*t = 3*d, 32 = 3*t - v*d - d. Suppose -t*o + 12 = -216. What are the prime factors of o?
3, 19
Let a be ((-30135)/70)/((-6)/8). Let d = 1500 - a. List the prime factors of d.
2, 463
Let r = -1 + 3. Suppose -3*x = 2*k + 264, -199*x + 5*k + 435 = -204*x. What are the prime factors of r - x - (4 + -6)?
2, 47
Let u be ((-1)/((-15)/78))/(3/15). Suppose -30*k = -u*k - 2656. What are the prime factors of (k/6)/(8/12)?
2, 83
Let u(t) = 609*t - 1297. What are the prime factors of u(13)?
2, 5, 331
List the prime factors of ((-709224)/(-406))/((-6)/(-21)).
2, 3, 1019
Let l(x) = x**3 - 3*x**2 - x - 16. Let h be l(6). Suppose f + f - 464 = 0. Suppose 2*c = h + f. List the prime factors of c.
3, 53
List the prime factors of (0 - 45361)/(7 - -1 - (47 - 38)).
45361
Suppose -18*h = -12*h - 24. Suppose -4*u = 6*a - h*a - 1208, 4*a + u = 2395. List the prime factors of a.
2, 13, 23
Let f(q) = q**3 + 6*q**2 - 10*q - 11. Let w be f(-7). Let o(v) = -v + 12. Let h be o(w). Let z(l) = 25*l**2 - 5*l + 6. List the prime factors of z(h).
2, 3
Suppose -11779*r - 18927 = -11782*r. List the prime factors of r.
3, 701
Suppose -5*d - 1070 = -2*z + 7934, -4*d = 4*z - 17924. List the prime factors of z.
7, 641
Suppose 19 = -2*n - 4*k + 7, 0 = 5*k + 25. Suppose -p = -6*p + i + 274, -n*p + i = -219. What are the prime factors of p?
5, 11
Let p(s) = 2*s**3 + 222*s**2 + 334*s + 541. What are the prime factors of p(-108)?
131, 263
Suppose -15*q + 16*q - 1 = 0. Let o be (10 - 9) + (q - 0). Suppose -k - k + 196 = -5*p, o*k + 3*p - 180 = 0. What are the prime factors of k?
3, 31
Let w(z) be the first derivative of -3*z**2 - 25*z - 14. Let i(b) = 7*b + 24. Let q(x) = -4*i(x) - 5*w(x). What are the prime factors of q(-4)?
3, 7
Let w(m) = 1338*m**3 - 19*m**2 + 49*m + 10. What are the prime factors of w(3)?
2, 37, 61
Let p(x) = -x**3 + 15*x**2 + 3*x + 3. Let j be p(13). Let q = 2 - -2. What are the prime factors of (q/5)/(8/j)?
2, 19
Suppose -1465488 = -228*k + 756372. List the prime factors of k.
5, 1949
Let a(x) = 864*x - 5489. List the prime factors of a(55).
11, 3821
Let s = -58 - -56. List the prime factors of (59/s)/((-9)/72).
2, 59
Let b(i) = -13*i**3 - 39*i**2 - 207*i - 52. List the prime factors of b(-16).
2, 3, 3877
Let s(q) = -3*q**3 - 147*q**2 - 26*q - 291. What are the prime factors of s(-49)?
983
Let g(l) = 5*l + 452. Let a be g(0). Suppose -1392 = 449*z - a*z. What are the prime factors of z?
2, 29
Let n be 104/6*(-18)/(-24)*-4. Le